CRAN Package Check Results for Package vecvec

Last updated on 2025-10-22 09:50:57 CEST.

Flavor Version Tinstall Tcheck Ttotal Status Flags
r-devel-linux-x86_64-debian-clang 0.2.0 2.85 29.66 32.51 NOTE
r-devel-linux-x86_64-debian-gcc 0.2.0 1.97 24.02 25.99 NOTE
r-devel-linux-x86_64-fedora-clang 0.2.0 11.00 37.07 48.07 OK
r-devel-linux-x86_64-fedora-gcc 0.2.0 44.63 OK
r-devel-windows-x86_64 0.2.0 4.00 46.00 50.00 OK
r-patched-linux-x86_64 0.2.0 2.77 27.17 29.94 OK
r-release-linux-x86_64 0.2.0 2.63 27.27 29.90 OK
r-release-macos-arm64 0.2.0 1.00 19.00 20.00 OK
r-release-macos-x86_64 0.2.0 4.00 46.00 50.00 OK
r-release-windows-x86_64 0.2.0 4.00 47.00 51.00 OK
r-oldrel-macos-arm64 0.2.0 1.00 24.00 25.00 OK
r-oldrel-macos-x86_64 0.2.0 4.00 48.00 52.00 OK
r-oldrel-windows-x86_64 0.2.0 5.00 54.00 59.00 OK

Check Details

Version: 0.2.0
Check: HTML version of manual
Result: NOTE Found the following HTML validation problems: vecvec_apply.html:54:1 (vecvec_apply.Rd:14): Warning: missing </ul> before </div> Flavors: r-devel-linux-x86_64-debian-clang, r-devel-linux-x86_64-debian-gcc