Last updated on 2025-07-04 09:50:08 CEST.
Flavor | Version | Tinstall | Tcheck | Ttotal | Status | Flags |
---|---|---|---|---|---|---|
r-devel-linux-x86_64-debian-clang | 0.6.1 | 5.21 | 51.76 | 56.97 | NOTE | |
r-devel-linux-x86_64-debian-gcc | 0.6.1 | 3.74 | 39.11 | 42.85 | NOTE | |
r-devel-linux-x86_64-fedora-clang | 0.6.1 | 92.61 | OK | |||
r-devel-linux-x86_64-fedora-gcc | 0.6.1 | 102.12 | OK | |||
r-devel-windows-x86_64 | 0.6.1 | 8.00 | 79.00 | 87.00 | OK | |
r-patched-linux-x86_64 | 0.6.1 | 6.48 | 48.10 | 54.58 | OK | |
r-release-linux-x86_64 | 0.6.1 | 5.30 | 48.83 | 54.13 | OK | |
r-release-macos-arm64 | 0.6.1 | 38.00 | OK | |||
r-release-macos-x86_64 | 0.6.1 | 72.00 | OK | |||
r-release-windows-x86_64 | 0.6.1 | 10.00 | 81.00 | 91.00 | OK | |
r-oldrel-macos-arm64 | 0.6.1 | 36.00 | OK | |||
r-oldrel-macos-x86_64 | 0.6.1 | 58.00 | OK | |||
r-oldrel-windows-x86_64 | 0.6.1 | 11.00 | 93.00 | 104.00 | OK |
Version: 0.6.1
Check: CRAN incoming feasibility
Result: NOTE
Maintainer: ‘Bob Rudis <bob@rudis.net>’
Found the following (possibly) invalid file URI:
URI: CONDUCT.md
From: README.md
Flavors: r-devel-linux-x86_64-debian-clang, r-devel-linux-x86_64-debian-gcc