Last updated on 2025-07-04 09:50:08 CEST.
Flavor | Version | Tinstall | Tcheck | Ttotal | Status | Flags |
---|---|---|---|---|---|---|
r-devel-linux-x86_64-debian-clang | 0.11.0 | 119.78 | 172.78 | 292.56 | OK | |
r-devel-linux-x86_64-debian-gcc | 0.11.0 | 104.18 | 131.70 | 235.88 | OK | |
r-devel-linux-x86_64-fedora-clang | 0.11.0 | 497.01 | OK | |||
r-devel-linux-x86_64-fedora-gcc | 0.11.0 | 594.10 | OK | |||
r-devel-windows-x86_64 | 0.11.0 | 123.00 | 380.00 | 503.00 | OK | |
r-patched-linux-x86_64 | 0.11.0 | 141.73 | 181.06 | 322.79 | OK | |
r-release-linux-x86_64 | 0.11.0 | 141.02 | 181.23 | 322.25 | OK | |
r-release-macos-arm64 | 0.11.0 | 172.00 | OK | |||
r-release-macos-x86_64 | 0.11.0 | 379.00 | OK | |||
r-release-windows-x86_64 | 0.11.0 | 128.00 | 402.00 | 530.00 | OK | |
r-oldrel-macos-arm64 | 0.11.0 | 150.00 | NOTE | |||
r-oldrel-macos-x86_64 | 0.11.0 | 383.00 | NOTE | |||
r-oldrel-windows-x86_64 | 0.11.0 | 151.00 | 437.00 | 588.00 | NOTE |
Version: 0.11.0
Check: installed package size
Result: NOTE
installed size is 54.3Mb
sub-directories of 1Mb or more:
doc 1.4Mb
libs 52.7Mb
Flavors: r-oldrel-macos-arm64, r-oldrel-macos-x86_64, r-oldrel-windows-x86_64