CRAN Package Check Results for Package vov

Last updated on 2025-10-22 09:50:58 CEST.

Flavor Version Tinstall Tcheck Ttotal Status Flags
r-devel-linux-x86_64-debian-clang 0.1.2 2.68 30.18 32.86 OK
r-devel-linux-x86_64-debian-gcc 0.1.2 1.88 22.38 24.26 OK
r-devel-linux-x86_64-fedora-clang 0.1.2 19.00 30.60 49.60 OK
r-devel-linux-x86_64-fedora-gcc 0.1.2 44.70 OK
r-devel-windows-x86_64 0.1.2 4.00 58.00 62.00 OK
r-patched-linux-x86_64 0.1.2 2.93 27.82 30.75 OK
r-release-linux-x86_64 0.1.2 1.99 27.94 29.93 OK
r-release-macos-arm64 0.1.2 2.00 29.00 31.00 OK
r-release-macos-x86_64 0.1.2 2.00 28.00 30.00 OK
r-release-windows-x86_64 0.1.2 5.00 61.00 66.00 OK
r-oldrel-macos-arm64 0.1.2 2.00 19.00 21.00 NOTE
r-oldrel-macos-x86_64 0.1.2 2.00 25.00 27.00 NOTE
r-oldrel-windows-x86_64 0.1.2 5.00 66.00 71.00 NOTE

Check Details

Version: 0.1.2
Check: LazyData
Result: NOTE 'LazyData' is specified without a 'data' directory Flavors: r-oldrel-macos-arm64, r-oldrel-macos-x86_64, r-oldrel-windows-x86_64