Last updated on 2025-10-22 09:50:58 CEST.
Flavor | Version | Tinstall | Tcheck | Ttotal | Status | Flags |
---|---|---|---|---|---|---|
r-devel-linux-x86_64-debian-clang | 2.1.0 | 18.44 | 169.07 | 187.51 | NOTE | |
r-devel-linux-x86_64-debian-gcc | 2.1.0 | 10.67 | 110.24 | 120.91 | NOTE | |
r-devel-linux-x86_64-fedora-clang | 2.1.0 | 198.00 | 102.81 | 300.81 | OK | |
r-devel-linux-x86_64-fedora-gcc | 2.1.0 | 42.00 | 214.59 | 256.59 | OK | |
r-devel-windows-x86_64 | 2.1.0 | 22.00 | 184.00 | 206.00 | OK | |
r-patched-linux-x86_64 | 2.1.0 | 25.02 | 158.82 | 183.84 | OK | |
r-release-linux-x86_64 | 2.1.0 | 15.25 | 157.54 | 172.79 | OK | |
r-release-macos-arm64 | 2.1.0 | 7.00 | 48.00 | 55.00 | OK | |
r-release-macos-x86_64 | 2.1.0 | 14.00 | 102.00 | 116.00 | OK | |
r-release-windows-x86_64 | 2.1.0 | 20.00 | 186.00 | 206.00 | OK | |
r-oldrel-macos-arm64 | 2.1.0 | 4.00 | 36.00 | 40.00 | OK | |
r-oldrel-macos-x86_64 | 2.1.0 | 9.00 | 72.00 | 81.00 | OK | |
r-oldrel-windows-x86_64 | 2.1.0 | 27.00 | 228.00 | 255.00 | OK |
Version: 2.1.0
Check: HTML version of manual
Result: NOTE
Found the following HTML validation problems:
check_status.html:46:1 (check_status.Rd:10): Warning: missing </ul> before </div>
csv_from_url.html:46:1 (csv_from_url.Rd:10): Warning: missing </ul> before </div>
request_with_proxy.html:68:1 (request_with_proxy.Rd:24): Warning: missing </ul> before </div>
Flavors: r-devel-linux-x86_64-debian-clang, r-devel-linux-x86_64-debian-gcc