Last updated on 2025-10-22 09:50:58 CEST.
Flavor | Version | Tinstall | Tcheck | Ttotal | Status | Flags |
---|---|---|---|---|---|---|
r-devel-linux-x86_64-debian-clang | 0.3.1 | 2.15 | 31.67 | 33.82 | NOTE | |
r-devel-linux-x86_64-debian-gcc | 0.3.1 | 2.01 | 25.08 | 27.09 | NOTE | |
r-devel-linux-x86_64-fedora-clang | 0.3.1 | 17.00 | 38.21 | 55.21 | OK | |
r-devel-linux-x86_64-fedora-gcc | 0.3.1 | 64.32 | OK | |||
r-devel-windows-x86_64 | 0.3.1 | 6.00 | 51.00 | 57.00 | OK | |
r-patched-linux-x86_64 | 0.3.1 | 2.46 | 29.91 | 32.37 | OK | |
r-release-linux-x86_64 | 0.3.1 | 2.19 | 30.04 | 32.23 | OK | |
r-release-macos-arm64 | 0.3.1 | 1.00 | 25.00 | 26.00 | OK | |
r-release-macos-x86_64 | 0.3.1 | 2.00 | 43.00 | 45.00 | OK | |
r-release-windows-x86_64 | 0.3.1 | 6.00 | 51.00 | 57.00 | OK | |
r-oldrel-macos-arm64 | 0.3.1 | 1.00 | 25.00 | 26.00 | NOTE | |
r-oldrel-macos-x86_64 | 0.3.1 | 2.00 | 37.00 | 39.00 | NOTE | |
r-oldrel-windows-x86_64 | 0.3.1 | 6.00 | 59.00 | 65.00 | NOTE |
Version: 0.3.1
Check: CRAN incoming feasibility
Result: NOTE
Maintainer: ‘Bhaskar Karambelkar <bhaskarvk@gmail.com>’
Found the following (possibly) invalid file URIs:
URI: rmarkdown.rstudio.com
From: inst/doc/Using_widgetframe.html
URI: yihui.name/knitr/
From: inst/doc/Using_widgetframe.html
Flavors: r-devel-linux-x86_64-debian-clang, r-devel-linux-x86_64-debian-gcc
Version: 0.3.1
Check: HTML version of manual
Result: NOTE
Found the following HTML validation problems:
frameOptions.html:72:1 (frameOptions.Rd:23): Warning: missing </ul> before </div>
saveWidgetframe.html:74:1 (saveWidgetframe.Rd:27): Warning: missing </ul> before </div>
widgetframe-shiny.html:68:1 (widgetframe-shiny.Rd:25): Warning: missing </ul> before </div>
Flavors: r-devel-linux-x86_64-debian-clang, r-devel-linux-x86_64-debian-gcc
Version: 0.3.1
Check: LazyData
Result: NOTE
'LazyData' is specified without a 'data' directory
Flavors: r-oldrel-macos-arm64, r-oldrel-macos-x86_64, r-oldrel-windows-x86_64