Last updated on 2025-10-22 09:50:58 CEST.
Flavor | Version | Tinstall | Tcheck | Ttotal | Status | Flags |
---|---|---|---|---|---|---|
r-devel-linux-x86_64-debian-clang | 0.3.3 | 7.09 | 89.96 | 97.05 | NOTE | |
r-devel-linux-x86_64-debian-gcc | 0.3.3 | 5.97 | 57.42 | 63.39 | NOTE | |
r-devel-linux-x86_64-fedora-clang | 0.3.3 | 58.00 | 101.82 | 159.82 | OK | |
r-devel-linux-x86_64-fedora-gcc | 0.3.3 | 20.00 | 125.00 | 145.00 | OK | |
r-devel-windows-x86_64 | 0.3.3 | 11.00 | 106.00 | 117.00 | NOTE | |
r-patched-linux-x86_64 | 0.3.3 | 10.46 | 85.23 | 95.69 | NOTE | |
r-release-linux-x86_64 | 0.3.3 | 7.95 | 85.30 | 93.25 | NOTE | |
r-release-macos-arm64 | 0.3.3 | 4.00 | 38.00 | 42.00 | OK | |
r-release-macos-x86_64 | 0.3.3 | 11.00 | 88.00 | 99.00 | OK | |
r-release-windows-x86_64 | 0.3.3 | 10.00 | 106.00 | 116.00 | NOTE | |
r-oldrel-macos-arm64 | 0.3.3 | 4.00 | 36.00 | 40.00 | OK | |
r-oldrel-macos-x86_64 | 0.3.3 | 6.00 | 67.00 | 73.00 | OK | |
r-oldrel-windows-x86_64 | 0.3.3 | 15.00 | 129.00 | 144.00 | OK |
Version: 0.3.3
Check: Rd cross-references
Result: NOTE
Found the following Rd file(s) with Rd \link{} targets missing package
anchors:
plotComb.Rd: hdi
plot_Bwiqid.Rd: postPlot
Please provide package anchors for all Rd \link{} targets not in the
package itself and the base packages.
Flavors: r-devel-linux-x86_64-debian-clang, r-devel-linux-x86_64-debian-gcc, r-devel-windows-x86_64, r-patched-linux-x86_64, r-release-linux-x86_64, r-release-windows-x86_64