CRAN Package Check Results for Package wordcloud2

Last updated on 2025-10-22 09:50:58 CEST.

Flavor Version Tinstall Tcheck Ttotal Status Flags
r-devel-linux-x86_64-debian-clang 0.2.1 2.39 30.98 33.37 NOTE
r-devel-linux-x86_64-debian-gcc 0.2.1 1.99 24.59 26.58 NOTE
r-devel-linux-x86_64-fedora-clang 0.2.1 52.77 OK
r-devel-linux-x86_64-fedora-gcc 0.2.1 62.68 OK
r-devel-windows-x86_64 0.2.1 5.00 51.00 56.00 OK
r-patched-linux-x86_64 0.2.1 2.46 29.36 31.82 OK
r-release-linux-x86_64 0.2.1 2.32 29.42 31.74 OK
r-release-macos-arm64 0.2.1 2.00 33.00 35.00 OK
r-release-macos-x86_64 0.2.1 2.00 45.00 47.00 OK
r-release-windows-x86_64 0.2.1 5.00 52.00 57.00 OK
r-oldrel-macos-arm64 0.2.1 1.00 26.00 27.00 OK
r-oldrel-macos-x86_64 0.2.1 2.00 39.00 41.00 OK
r-oldrel-windows-x86_64 0.2.1 6.00 60.00 66.00 OK

Check Details

Version: 0.2.1
Check: CRAN incoming feasibility
Result: NOTE Maintainer: ‘Dawei Lang <chiffonlang@icloud.com>’ No Authors@R field in DESCRIPTION. Please add one, modifying Authors@R: c(person(given = "Dawei", family = "Lang", role = c("aut", "cre"), email = "chiffonlang@icloud.com"), person(given = "Guan-tin", family = "Chien", role = "aut")) as necessary. Flavors: r-devel-linux-x86_64-debian-clang, r-devel-linux-x86_64-debian-gcc