Last updated on 2025-10-22 09:50:58 CEST.
Flavor | Version | Tinstall | Tcheck | Ttotal | Status | Flags |
---|---|---|---|---|---|---|
r-devel-linux-x86_64-debian-clang | 0.1.1 | 14.57 | 120.32 | 134.89 | NOTE | |
r-devel-linux-x86_64-debian-gcc | 0.1.1 | 12.69 | 93.89 | 106.58 | NOTE | |
r-devel-linux-x86_64-fedora-clang | 0.1.1 | 94.00 | 136.24 | 230.24 | NOTE | |
r-devel-linux-x86_64-fedora-gcc | 0.1.1 | 31.00 | 172.52 | 203.52 | NOTE | |
r-devel-windows-x86_64 | 0.1.1 | 15.00 | 116.00 | 131.00 | NOTE | |
r-patched-linux-x86_64 | 0.1.1 | 16.91 | 121.17 | 138.08 | NOTE | |
r-release-linux-x86_64 | 0.1.1 | 14.12 | 121.04 | 135.16 | NOTE | |
r-release-macos-arm64 | 0.1.1 | 25.00 | 140.00 | 165.00 | OK | |
r-release-macos-x86_64 | 0.1.1 | 21.00 | 180.00 | 201.00 | OK | |
r-release-windows-x86_64 | 0.1.1 | 17.00 | 115.00 | 132.00 | NOTE | |
r-oldrel-macos-arm64 | 0.1.1 | 11.00 | 73.00 | 84.00 | OK | |
r-oldrel-macos-x86_64 | 0.1.1 | 11.00 | 81.00 | 92.00 | OK | |
r-oldrel-windows-x86_64 | 0.1.1 | 18.00 | 136.00 | 154.00 | OK |
Version: 0.1.1
Check: Rd cross-references
Result: NOTE
Found the following Rd file(s) with Rd \link{} targets missing package
anchors:
imDisplay.Rd: cimg
imRead.Rd: load.image, imager, cimg
Please provide package anchors for all Rd \link{} targets not in the
package itself and the base packages.
Flavors: r-devel-linux-x86_64-debian-clang, r-devel-linux-x86_64-debian-gcc, r-devel-windows-x86_64, r-patched-linux-x86_64, r-release-linux-x86_64, r-release-windows-x86_64
Version: 0.1.1
Check: dependencies in R code
Result: NOTE
Namespace in Imports field not imported from: ‘tcltk2’
All declared Imports should be used.
Flavors: r-devel-linux-x86_64-fedora-clang, r-devel-linux-x86_64-fedora-gcc