Last updated on 2025-10-22 09:50:58 CEST.
Flavor | Version | Tinstall | Tcheck | Ttotal | Status | Flags |
---|---|---|---|---|---|---|
r-devel-linux-x86_64-debian-clang | 0.1.5 | 2.35 | 24.15 | 26.50 | NOTE | |
r-devel-linux-x86_64-debian-gcc | 0.1.5 | 1.68 | 19.04 | 20.72 | NOTE | |
r-devel-linux-x86_64-fedora-clang | 0.1.5 | 12.00 | 28.05 | 40.05 | OK | |
r-devel-linux-x86_64-fedora-gcc | 0.1.5 | 36.17 | OK | |||
r-devel-windows-x86_64 | 0.1.5 | 2.00 | 43.00 | 45.00 | OK | |
r-patched-linux-x86_64 | 0.1.5 | 2.40 | 22.53 | 24.93 | OK | |
r-release-linux-x86_64 | 0.1.5 | 2.01 | 22.39 | 24.40 | OK | |
r-release-macos-arm64 | 0.1.5 | 1.00 | 15.00 | 16.00 | OK | |
r-release-macos-x86_64 | 0.1.5 | 2.00 | 24.00 | 26.00 | OK | |
r-release-windows-x86_64 | 0.1.5 | 3.00 | 44.00 | 47.00 | OK | |
r-oldrel-macos-arm64 | 0.1.5 | 1.00 | 15.00 | 16.00 | OK | |
r-oldrel-macos-x86_64 | 0.1.5 | 2.00 | 22.00 | 24.00 | OK | |
r-oldrel-windows-x86_64 | 0.1.5 | 4.00 | 49.00 | 53.00 | OK |
Version: 0.1.5
Check: HTML version of manual
Result: NOTE
Found the following HTML validation problems:
merge2.html:58:1 (merge2.Rd:16): Warning: missing </ul> before </div>
Flavors: r-devel-linux-x86_64-debian-clang, r-devel-linux-x86_64-debian-gcc