Last updated on 2025-10-22 09:50:58 CEST.
Flavor | Version | Tinstall | Tcheck | Ttotal | Status | Flags |
---|---|---|---|---|---|---|
r-devel-linux-x86_64-debian-clang | 1.7.11.1 | 490.14 | 317.82 | 807.96 | NOTE | |
r-devel-linux-x86_64-debian-gcc | 1.7.11.1 | 405.19 | 203.97 | 609.16 | NOTE | |
r-devel-linux-x86_64-fedora-clang | 1.7.11.1 | 1200.00 | 230.53 | 1430.53 | OK | |
r-devel-linux-x86_64-fedora-gcc | 1.7.11.1 | 840.00 | 557.88 | 1397.88 | OK | |
r-devel-windows-x86_64 | 1.7.11.1 | 592.00 | 300.00 | 892.00 | OK | |
r-patched-linux-x86_64 | 1.7.11.1 | 583.80 | 294.32 | 878.12 | OK | |
r-release-linux-x86_64 | 1.7.11.1 | 576.71 | 300.55 | 877.26 | OK | |
r-release-macos-arm64 | 1.7.11.1 | 210.00 | 132.00 | 342.00 | OK | |
r-release-macos-x86_64 | 1.7.11.1 | 266.00 | 297.00 | 563.00 | OK | |
r-release-windows-x86_64 | 1.7.11.1 | 603.00 | 301.00 | 904.00 | OK | |
r-oldrel-macos-arm64 | 1.7.11.1 | 188.00 | 146.00 | 334.00 | NOTE | |
r-oldrel-macos-x86_64 | 1.7.11.1 | 201.00 | 338.00 | 539.00 | NOTE | |
r-oldrel-windows-x86_64 | 1.7.11.1 | 715.00 | 447.00 | 1162.00 | NOTE |
Version: 1.7.11.1
Check: HTML version of manual
Result: NOTE
Found the following HTML validation problems:
xgb.load.raw.html:50:1 (xgb.load.raw.Rd:12): Warning: missing </ul> before </div>
Flavors: r-devel-linux-x86_64-debian-clang, r-devel-linux-x86_64-debian-gcc
Version: 1.7.11.1
Check: installed package size
Result: NOTE
installed size is 54.1Mb
sub-directories of 1Mb or more:
libs 53.2Mb
Flavors: r-oldrel-macos-arm64, r-oldrel-macos-x86_64, r-oldrel-windows-x86_64
Version: 1.7.11.1
Check: for GNU extensions in Makefiles
Result: NOTE
GNU make is a SystemRequirements.
Flavors: r-oldrel-macos-arm64, r-oldrel-macos-x86_64, r-oldrel-windows-x86_64