Last updated on 2025-10-23 09:51:06 CEST.
| Flavor | Version | Tinstall | Tcheck | Ttotal | Status | Flags |
|---|---|---|---|---|---|---|
| r-devel-linux-x86_64-debian-clang | 0.1.3 | 3.60 | 36.56 | 40.16 | NOTE | |
| r-devel-linux-x86_64-debian-gcc | 0.1.3 | 2.33 | 27.62 | 29.95 | OK | |
| r-devel-linux-x86_64-fedora-clang | 0.1.3 | 13.00 | 47.90 | 60.90 | OK | |
| r-devel-linux-x86_64-fedora-gcc | 0.1.3 | 53.85 | OK | |||
| r-devel-windows-x86_64 | 0.1.3 | 6.00 | 63.00 | 69.00 | OK | |
| r-patched-linux-x86_64 | 0.1.3 | 4.60 | 33.20 | 37.80 | OK | |
| r-release-linux-x86_64 | 0.1.3 | 2.68 | 33.22 | 35.90 | OK | |
| r-release-macos-arm64 | 0.1.3 | 2.00 | 18.00 | 20.00 | OK | |
| r-release-macos-x86_64 | 0.1.3 | 3.00 | 29.00 | 32.00 | OK | |
| r-release-windows-x86_64 | 0.1.3 | 7.00 | 63.00 | 70.00 | OK | |
| r-oldrel-macos-arm64 | 0.1.3 | 1.00 | 25.00 | 26.00 | OK | |
| r-oldrel-macos-x86_64 | 0.1.3 | 3.00 | 34.00 | 37.00 | OK | |
| r-oldrel-windows-x86_64 | 0.1.3 | 7.00 | 71.00 | 78.00 | OK |
Version: 0.1.3
Check: HTML version of manual
Result: NOTE
Found the following HTML validation problems:
read_auth_file.html:50:1 (read_auth_file.Rd:12): Warning: missing </ul> before </div>
Flavor: r-devel-linux-x86_64-debian-clang