CRAN Package Check Results for Package youngSwimmers

Last updated on 2025-07-04 09:50:09 CEST.

Flavor Version Tinstall Tcheck Ttotal Status Flags
r-devel-linux-x86_64-debian-clang 0.0.1 2.10 24.09 26.19 NOTE
r-devel-linux-x86_64-debian-gcc 0.0.1 1.77 19.50 21.27 NOTE
r-devel-linux-x86_64-fedora-clang 0.0.1 39.91 OK
r-devel-linux-x86_64-fedora-gcc 0.0.1 36.99 OK
r-devel-windows-x86_64 0.0.1 3.00 45.00 48.00 OK
r-patched-linux-x86_64 0.0.1 2.67 21.58 24.25 OK
r-release-linux-x86_64 0.0.1 2.57 21.44 24.01 OK
r-release-macos-arm64 0.0.1 18.00 OK
r-release-macos-x86_64 0.0.1 32.00 OK
r-release-windows-x86_64 0.0.1 5.00 44.00 49.00 OK
r-oldrel-macos-arm64 0.0.1 19.00 OK
r-oldrel-macos-x86_64 0.0.1 27.00 OK
r-oldrel-windows-x86_64 0.0.1 4.00 48.00 52.00 OK

Check Details

Version: 0.0.1
Check: CRAN incoming feasibility
Result: NOTE Maintainer: ‘Matías Castillo Aguilar <matcasti@umag.cl>’ Package CITATION file contains call(s) to old-style citEntry(). Please use bibentry() instead. Flavors: r-devel-linux-x86_64-debian-clang, r-devel-linux-x86_64-debian-gcc