Last updated on 2025-10-22 09:50:58 CEST.
Flavor | Version | Tinstall | Tcheck | Ttotal | Status | Flags |
---|---|---|---|---|---|---|
r-devel-linux-x86_64-debian-clang | 2.4.5 | 22.92 | 47.56 | 70.48 | NOTE | |
r-devel-linux-x86_64-debian-gcc | 2.4.5 | 16.17 | 34.65 | 50.82 | NOTE | |
r-devel-linux-x86_64-fedora-clang | 2.4.5 | 97.00 | 17.25 | 114.25 | OK | |
r-devel-linux-x86_64-fedora-gcc | 2.4.5 | 56.00 | 56.06 | 112.06 | OK | |
r-devel-windows-x86_64 | 2.4.5 | 25.00 | 77.00 | 102.00 | OK | |
r-patched-linux-x86_64 | 2.4.5 | 23.43 | 43.44 | 66.87 | OK | |
r-release-linux-x86_64 | 2.4.5 | 23.15 | 43.83 | 66.98 | OK | |
r-release-macos-arm64 | 2.4.5 | 10.00 | 22.00 | 32.00 | OK | |
r-release-macos-x86_64 | 2.4.5 | 16.00 | 44.00 | 60.00 | OK | |
r-release-windows-x86_64 | 2.4.5 | 27.00 | 79.00 | 106.00 | OK | |
r-oldrel-macos-arm64 | 2.4.5 | 10.00 | 28.00 | 38.00 | OK | |
r-oldrel-macos-x86_64 | 2.4.5 | 16.00 | 46.00 | 62.00 | OK | |
r-oldrel-windows-x86_64 | 2.4.5 | 30.00 | 95.00 | 125.00 | OK |
Version: 2.4.5
Check: HTML version of manual
Result: NOTE
Found the following HTML validation problems:
is.zcurve.html:46:1 (is.zcurve.Rd:10): Warning: missing </ul> before </div>
Flavors: r-devel-linux-x86_64-debian-clang, r-devel-linux-x86_64-debian-gcc