Last updated on 2025-07-07 09:50:27 CEST.
Flavor | Version | Tinstall | Tcheck | Ttotal | Status | Flags |
---|---|---|---|---|---|---|
r-devel-linux-x86_64-debian-clang | 0.1.6 | 13.22 | 109.29 | 122.51 | OK | |
r-devel-linux-x86_64-debian-gcc | 0.1.6 | 9.92 | 74.57 | 84.49 | ERROR | |
r-devel-linux-x86_64-fedora-clang | 0.1.6 | 186.41 | OK | |||
r-devel-linux-x86_64-fedora-gcc | 0.1.6 | 195.67 | OK | |||
r-devel-windows-x86_64 | 0.1.6 | 17.00 | 145.00 | 162.00 | OK | |
r-patched-linux-x86_64 | 0.1.6 | 12.91 | 101.73 | 114.64 | OK | |
r-release-linux-x86_64 | 0.1.6 | 11.74 | 100.55 | 112.29 | OK | |
r-release-macos-arm64 | 0.1.6 | 59.00 | OK | |||
r-release-macos-x86_64 | 0.1.6 | 195.00 | OK | |||
r-release-windows-x86_64 | 0.1.6 | 18.00 | 138.00 | 156.00 | OK | |
r-oldrel-macos-arm64 | 0.1.6 | 68.00 | OK | |||
r-oldrel-macos-x86_64 | 0.1.6 | 100.00 | OK | |||
r-oldrel-windows-x86_64 | 0.1.6 | 23.00 | 162.00 | 185.00 | OK |
Version: 0.1.6
Check: re-building of vignette outputs
Result: ERROR
Error(s) in re-building vignettes:
...
--- re-building ‘my-vignette.Rmd’ using rmarkdown
Quitting from my-vignette.Rmd:23-39 [setup]
~~~~~~~~~~~~~~~~~~~~~~~~~~~~~~~~~~~~~~~~~~~~~~~~~~~~~~~~~~~~~~~~~~~~~~~~~~~~~~~~
<error/rlang_error>
Error in `if (...) NULL`:
! argument is of length zero
---
Backtrace:
▆
1. └─RivRetrieve::usa(site = siteNumber, variable = "discharge")
~~~~~~~~~~~~~~~~~~~~~~~~~~~~~~~~~~~~~~~~~~~~~~~~~~~~~~~~~~~~~~~~~~~~~~~~~~~~~~~~
Error: processing vignette 'my-vignette.Rmd' failed with diagnostics:
argument is of length zero
--- failed re-building ‘my-vignette.Rmd’
SUMMARY: processing the following file failed:
‘my-vignette.Rmd’
Error: Vignette re-building failed.
Execution halted
Flavor: r-devel-linux-x86_64-debian-gcc