Last updated on 2025-07-07 09:50:32 CEST.
Flavor | Version | Tinstall | Tcheck | Ttotal | Status | Flags |
---|---|---|---|---|---|---|
r-devel-linux-x86_64-debian-clang | 0.1.0 | 29.45 | 238.31 | 267.76 | OK | |
r-devel-linux-x86_64-debian-gcc | 0.1.0 | 20.23 | 157.99 | 178.22 | OK | |
r-devel-linux-x86_64-fedora-clang | 0.1.0 | 438.80 | OK | |||
r-devel-linux-x86_64-fedora-gcc | 0.1.0 | 396.05 | OK | |||
r-devel-windows-x86_64 | 0.1.0 | 27.00 | 182.00 | 209.00 | OK | |
r-patched-linux-x86_64 | 0.1.0 | 27.56 | 229.30 | 256.86 | OK | |
r-release-linux-x86_64 | 0.1.0 | 28.96 | 229.51 | 258.47 | OK | |
r-release-macos-arm64 | 0.1.0 | 96.00 | OK | |||
r-release-macos-x86_64 | 0.1.0 | 206.00 | OK | |||
r-release-windows-x86_64 | 0.1.0 | 26.00 | 182.00 | 208.00 | OK | |
r-oldrel-macos-arm64 | 0.1.0 | 81.00 | NOTE | |||
r-oldrel-macos-x86_64 | 0.1.0 | 137.00 | NOTE | |||
r-oldrel-windows-x86_64 | 0.1.0 | 37.00 | 261.00 | 298.00 | NOTE |
Version: 0.1.0
Check: LazyData
Result: NOTE
'LazyData' is specified without a 'data' directory
Flavors: r-oldrel-macos-arm64, r-oldrel-macos-x86_64, r-oldrel-windows-x86_64