Last updated on 2025-10-18 09:49:50 CEST.
Flavor | Version | Tinstall | Tcheck | Ttotal | Status | Flags |
---|---|---|---|---|---|---|
r-devel-linux-x86_64-debian-clang | 1.0.0 | 3.60 | 97.32 | 100.92 | OK | |
r-devel-linux-x86_64-debian-gcc | 1.0.0 | 3.68 | 68.99 | 72.67 | OK | |
r-devel-linux-x86_64-fedora-clang | 1.0.0 | 162.74 | OK | |||
r-devel-linux-x86_64-fedora-gcc | 1.0.0 | 173.92 | OK | |||
r-devel-windows-x86_64 | 1.0.0 | 7.00 | 103.00 | 110.00 | OK | |
r-patched-linux-x86_64 | 1.0.0 | 6.26 | 92.85 | 99.11 | OK | |
r-release-linux-x86_64 | 0.9.0 | 5.56 | 101.30 | 106.86 | NOTE | |
r-release-macos-arm64 | 1.0.0 | 51.00 | OK | |||
r-release-macos-x86_64 | 1.0.0 | 130.00 | OK | |||
r-release-windows-x86_64 | 1.0.0 | 7.00 | 106.00 | 113.00 | OK | |
r-oldrel-macos-arm64 | 1.0.0 | 51.00 | OK | |||
r-oldrel-macos-x86_64 | 1.0.0 | 120.00 | OK | |||
r-oldrel-windows-x86_64 | 1.0.0 | 9.00 | 129.00 | 138.00 | OK |
Version: 0.9.0
Check: Rd files
Result: NOTE
checkRd: (-1) flashlight.Rd:53: Lost braces; missing escapes or markup?
53 | like those in package {MetricsWeighted}.}
| ^
checkRd: (-1) grouped_stats.Rd:49: Lost braces; missing escapes or markup?
49 | {MetricsWeighted}.}
| ^
checkRd: (-1) plot_counts.Rd:45: Lost braces; missing escapes or markup?
45 | Experimental. Uses package {ggpubr} to rearrange the figure.
| ^
Flavor: r-release-linux-x86_64