Last updated on 2025-10-18 09:49:53 CEST.
Flavor | Version | Tinstall | Tcheck | Ttotal | Status | Flags |
---|---|---|---|---|---|---|
r-devel-linux-x86_64-debian-clang | 0.9.4 | 6.98 | 150.83 | 157.81 | NOTE | |
r-devel-linux-x86_64-debian-gcc | 0.9.4 | 4.78 | 92.95 | 97.73 | NOTE | |
r-devel-linux-x86_64-fedora-clang | 0.9.4 | 271.51 | OK | |||
r-devel-linux-x86_64-fedora-gcc | 0.9.4 | 228.69 | OK | |||
r-devel-windows-x86_64 | 0.9.4 | 8.00 | 140.00 | 148.00 | OK | |
r-patched-linux-x86_64 | 0.9.4 | 6.52 | 141.18 | 147.70 | OK | |
r-release-linux-x86_64 | 0.9.4 | 6.26 | 140.13 | 146.39 | OK | |
r-release-macos-arm64 | 0.9.4 | 84.00 | OK | |||
r-release-macos-x86_64 | 0.9.4 | 116.00 | OK | |||
r-release-windows-x86_64 | 0.9.4 | 10.00 | 140.00 | 150.00 | OK | |
r-oldrel-macos-arm64 | 0.9.4 | 56.00 | NOTE | |||
r-oldrel-macos-x86_64 | 0.9.4 | 95.00 | NOTE | |||
r-oldrel-windows-x86_64 | 0.9.4 | 11.00 | 185.00 | 196.00 | NOTE |
Version: 0.9.4
Check: CRAN incoming feasibility
Result: NOTE
Maintainer: ‘Mateusz Staniak <mateusz.staniak@math.uni.wroc.pl>’
The Description field contains
Jasiulis-Gołdyn (2014) <arXiv:1412.0220>.
Please refer to arXiv e-prints via their arXiv DOI <doi:10.48550/arXiv.YYMM.NNNNN>.
Flavors: r-devel-linux-x86_64-debian-clang, r-devel-linux-x86_64-debian-gcc
Version: 0.9.4
Check: LazyData
Result: NOTE
'LazyData' is specified without a 'data' directory
Flavors: r-oldrel-macos-arm64, r-oldrel-macos-x86_64, r-oldrel-windows-x86_64