CRAN Package Check Results for Package mseapca

Last updated on 2025-07-07 09:50:23 CEST.

Flavor Version Tinstall Tcheck Ttotal Status Flags
r-devel-linux-x86_64-debian-clang 2.0.3 2.10 26.60 28.70 NOTE
r-devel-linux-x86_64-debian-gcc 2.2.1 2.35 31.11 33.46 OK
r-devel-linux-x86_64-fedora-clang 2.2.1 70.40 OK
r-devel-linux-x86_64-fedora-gcc 2.2.1 67.41 OK
r-devel-windows-x86_64 2.0.3 5.00 49.00 54.00 OK
r-patched-linux-x86_64 2.0.3 2.21 24.01 26.22 OK
r-release-linux-x86_64 2.0.3 2.08 24.51 26.59 OK
r-release-macos-arm64 2.0.3 20.00 OK
r-release-macos-x86_64 2.2.1 49.00 OK
r-release-windows-x86_64 2.0.3 5.00 73.00 78.00 OK
r-oldrel-macos-arm64 2.0.3 18.00 OK
r-oldrel-macos-x86_64 2.2.1 49.00 OK
r-oldrel-windows-x86_64 2.2.1 6.00 66.00 72.00 OK

Check Details

Version: 2.0.3
Check: CRAN incoming feasibility
Result: NOTE Maintainer: ‘Hiroyuki Yamamoto <h.yama2396@gmail.com>’ No Authors@R field in DESCRIPTION. Please add one, modifying Authors@R: person(given = "Hiroyuki", family = "Yamamoto", role = c("aut", "cre"), email = "h.yama2396@gmail.com") as necessary. Flavor: r-devel-linux-x86_64-debian-clang