CRAN Package Check Results for Package nextGenShinyApps

Last updated on 2025-10-18 09:49:56 CEST.

Flavor Version Tinstall Tcheck Ttotal Status Flags
r-devel-linux-x86_64-debian-clang 2.1 3.89 40.98 44.87 NOTE
r-devel-linux-x86_64-debian-gcc 2.1 3.17 32.52 35.69 NOTE
r-devel-linux-x86_64-fedora-clang 2.1 70.72 NOTE
r-devel-linux-x86_64-fedora-gcc 2.1 83.85 NOTE
r-devel-windows-x86_64 2.1 6.00 68.00 74.00 OK
r-patched-linux-x86_64 2.1 4.51 39.37 43.88 OK
r-release-linux-x86_64 2.1 4.10 39.15 43.25 OK
r-release-macos-arm64 2.1 41.00 OK
r-release-macos-x86_64 2.1 64.00 OK
r-release-windows-x86_64 2.1 8.00 68.00 76.00 OK
r-oldrel-macos-arm64 2.1 48.00 OK
r-oldrel-macos-x86_64 2.1 75.00 OK
r-oldrel-windows-x86_64 2.1 8.00 75.00 83.00 OK

Check Details

Version: 2.1
Check: CRAN incoming feasibility
Result: NOTE Maintainer: ‘Obinna Obianom <idonshayo@gmail.com>’ The BugReports field in DESCRIPTION has https://github.com/oobianom/nextGenShinyApps which should likely be https://github.com/oobianom/nextGenShinyApps/issues instead. Flavors: r-devel-linux-x86_64-debian-clang, r-devel-linux-x86_64-debian-gcc

Version: 2.1
Check: dependencies in R code
Result: NOTE Namespaces in Imports field not imported from: ‘quickcode’ ‘utils’ All declared Imports should be used. Flavors: r-devel-linux-x86_64-fedora-clang, r-devel-linux-x86_64-fedora-gcc