Last updated on 2025-10-18 09:49:57 CEST.
Flavor | Version | Tinstall | Tcheck | Ttotal | Status | Flags |
---|---|---|---|---|---|---|
r-devel-linux-x86_64-debian-clang | 0.2.2 | 1.48 | 31.11 | 32.59 | ERROR | |
r-devel-linux-x86_64-debian-gcc | 0.2.2 | 1.42 | 24.67 | 26.09 | ERROR | |
r-devel-linux-x86_64-fedora-clang | 0.2.2 | 48.70 | OK | |||
r-devel-linux-x86_64-fedora-gcc | 0.2.2 | 60.98 | OK | |||
r-devel-windows-x86_64 | 0.2.2 | 4.00 | 57.00 | 61.00 | OK | |
r-patched-linux-x86_64 | 0.2.2 | 2.30 | 29.24 | 31.54 | OK | |
r-release-linux-x86_64 | 0.2.2 | 2.03 | 28.87 | 30.90 | OK | |
r-release-macos-arm64 | 0.2.2 | 45.00 | OK | |||
r-release-macos-x86_64 | 0.2.2 | 70.00 | OK | |||
r-release-windows-x86_64 | 0.2.2 | 4.00 | 61.00 | 65.00 | OK | |
r-oldrel-macos-arm64 | 0.2.2 | 37.00 | OK | |||
r-oldrel-macos-x86_64 | 0.2.2 | 58.00 | OK | |||
r-oldrel-windows-x86_64 | 0.2.2 | 5.00 | 67.00 | 72.00 | OK |
Version: 0.2.2
Check: re-building of vignette outputs
Result: ERROR
Error(s) in re-building vignettes:
...
--- re-building ‘PS1_Cat.Rmd’ using rmarkdown
[WARNING] Deprecated: --highlight-style. Use --syntax-highlighting instead.
--- finished re-building ‘PS1_Cat.Rmd’
--- re-building ‘PS1_Images.Rmd’ using rmarkdown
Quitting from PS1_Images.Rmd:27-38 [unnamed-chunk-2]
~~~~~~~~~~~~~~~~~~~~~~~~~~~~~~~~~~~~~~~~~~~~~~~~~~~~~~~~~~~~~~~~~~~~~~~~~~~~~~~~
<error/rlang_error>
Error in `data.table::setorder()`:
! x must be a data.frame or data.table
---
Backtrace:
▆
1. ├─magick::image_resize(...)
2. │ └─magick:::assert_image(image)
3. ├─magick::image_read(...)
4. └─panstarrs::ps1_image_color(...)
5. └─panstarrs::ps1_image_url(...)
6. └─data.table::setorder(table, "filter")
7. └─data.table:::stopf("x must be a data.frame or data.table")
8. └─data.table:::raise_condition(...)
~~~~~~~~~~~~~~~~~~~~~~~~~~~~~~~~~~~~~~~~~~~~~~~~~~~~~~~~~~~~~~~~~~~~~~~~~~~~~~~~
Error: processing vignette 'PS1_Images.Rmd' failed with diagnostics:
x must be a data.frame or data.table
--- failed re-building ‘PS1_Images.Rmd’
SUMMARY: processing the following file failed:
‘PS1_Images.Rmd’
Error: Vignette re-building failed.
Execution halted
Flavors: r-devel-linux-x86_64-debian-clang, r-devel-linux-x86_64-debian-gcc