Last updated on 2025-10-18 09:50:04 CEST.
Flavor | Version | Tinstall | Tcheck | Ttotal | Status | Flags |
---|---|---|---|---|---|---|
r-devel-linux-x86_64-debian-clang | 0.2.2.0 | 36.37 | 297.30 | 333.67 | ERROR | |
r-devel-linux-x86_64-debian-gcc | 0.2.2.0 | 21.83 | 195.59 | 217.42 | ERROR | |
r-devel-linux-x86_64-fedora-clang | 0.2.2.0 | 524.00 | NOTE | |||
r-devel-linux-x86_64-fedora-gcc | 0.2.2.0 | 499.95 | NOTE | |||
r-devel-windows-x86_64 | 0.2.2.0 | 33.00 | 222.00 | 255.00 | NOTE | |
r-patched-linux-x86_64 | 0.2.2.0 | 35.38 | 280.42 | 315.80 | NOTE | |
r-release-linux-x86_64 | 0.2.2.0 | 31.38 | 280.14 | 311.52 | NOTE | |
r-release-macos-arm64 | 0.2.2.0 | 147.00 | NOTE | |||
r-release-macos-x86_64 | 0.2.2.0 | 237.00 | NOTE | |||
r-release-windows-x86_64 | 0.2.2.0 | 32.00 | 221.00 | 253.00 | NOTE | |
r-oldrel-macos-arm64 | 0.2.2.0 | 97.00 | OK | |||
r-oldrel-macos-x86_64 | 0.2.2.0 | 177.00 | OK | |||
r-oldrel-windows-x86_64 | 0.2.2.0 | 44.00 | 307.00 | 351.00 | OK |
Version: 0.2.2.0
Check: DESCRIPTION meta-information
Result: NOTE
Missing dependency on R >= 4.1.0 because package code uses the pipe
|> or function shorthand \(...) syntax added in R 4.1.0.
File(s) using such syntax:
‘st_transform_outline.R’
Flavors: r-devel-linux-x86_64-debian-clang, r-devel-linux-x86_64-debian-gcc, r-devel-linux-x86_64-fedora-clang, r-devel-linux-x86_64-fedora-gcc, r-devel-windows-x86_64, r-patched-linux-x86_64, r-release-linux-x86_64, r-release-macos-arm64, r-release-macos-x86_64, r-release-windows-x86_64
Version: 0.2.2.0
Check: examples
Result: ERROR
Running examples in ‘sfhelper-Ex.R’ failed
The error most likely occurred in:
> base::assign(".ptime", proc.time(), pos = "CheckExEnv")
> ### Name: geolocate
> ### Title: Geolocate historical toponyms
> ### Aliases: geolocate
> ### Keywords: map sf spatial
>
> ### ** Examples
>
> # Search for Paris and Edo (now Tokyo)
> example.df <- data.frame("place" = c("Paris","Edo"), "iso" = c("FR","JP"))
> geolocate(example.df)
Error in rjson::fromJSON(result) :
not all data was parsed (0 chars were parsed out of a total of 12000 chars)
Calls: geolocate -> <Anonymous>
Execution halted
Flavors: r-devel-linux-x86_64-debian-clang, r-devel-linux-x86_64-debian-gcc