CRAN Package Check Results for Package syn

Last updated on 2025-07-07 09:50:31 CEST.

Flavor Version Tinstall Tcheck Ttotal Status Flags
r-devel-linux-x86_64-debian-clang 0.1.0 12.07 24.68 36.75 OK
r-devel-linux-x86_64-debian-gcc 0.1.0 10.25 20.70 30.95 OK
r-devel-linux-x86_64-fedora-clang 0.1.0 53.21 OK
r-devel-linux-x86_64-fedora-gcc 0.1.0 51.81 OK
r-devel-windows-x86_64 0.1.0 14.00 43.00 57.00 OK
r-patched-linux-x86_64 0.1.0 11.62 22.55 34.17 OK
r-release-linux-x86_64 0.1.0 11.37 22.04 33.41 OK
r-release-macos-arm64 0.1.0 28.00 OK
r-release-macos-x86_64 0.1.0 39.00 OK
r-release-windows-x86_64 0.1.0 15.00 46.00 61.00 OK
r-oldrel-macos-arm64 0.1.0 25.00 NOTE
r-oldrel-macos-x86_64 0.1.0 33.00 NOTE
r-oldrel-windows-x86_64 0.1.0 14.00 52.00 66.00 NOTE

Check Details

Version: 0.1.0
Check: LazyData
Result: NOTE 'LazyData' is specified without a 'data' directory Flavors: r-oldrel-macos-arm64, r-oldrel-macos-x86_64, r-oldrel-windows-x86_64