Last updated on 2025-07-07 09:50:32 CEST.
Flavor | Version | Tinstall | Tcheck | Ttotal | Status | Flags |
---|---|---|---|---|---|---|
r-devel-linux-x86_64-debian-clang | 0.1-14 | 2.85 | 94.80 | 97.65 | NOTE | |
r-devel-linux-x86_64-debian-gcc | 0.1-14 | 2.22 | 67.39 | 69.61 | NOTE | |
r-devel-linux-x86_64-fedora-clang | 0.1-16 | 83.84 | OK | |||
r-devel-linux-x86_64-fedora-gcc | 0.1-16 | 154.18 | OK | |||
r-devel-windows-x86_64 | 0.1-14 | 4.00 | 147.00 | 151.00 | NOTE | |
r-patched-linux-x86_64 | 0.1-14 | 2.74 | 92.12 | 94.86 | NOTE | |
r-release-linux-x86_64 | 0.1-14 | 2.45 | 91.11 | 93.56 | NOTE | |
r-release-macos-arm64 | 0.1-14 | 63.00 | OK | |||
r-release-macos-x86_64 | 0.1-16 | 150.00 | OK | |||
r-release-windows-x86_64 | 0.1-14 | 5.00 | 146.00 | 151.00 | NOTE | |
r-oldrel-macos-arm64 | 0.1-14 | 70.00 | OK | |||
r-oldrel-macos-x86_64 | 0.1-16 | 153.00 | OK | |||
r-oldrel-windows-x86_64 | 0.1-16 | 5.00 | 131.00 | 136.00 | OK |
Version: 0.1-14
Check: tests
Result: NOTE
Running ‘logit.R’ [4s/5s]
Comparing ‘logit.Rout’ to ‘logit.Rout.save’ ... OK
Running ‘logitEffCat.R’ [0s/0s]
Comparing ‘logitEffCat.Rout’ to ‘logitEffCat.Rout.save’ ... OK
Running ‘logitEffInt.R’ [0s/0s]
Comparing ‘logitEffInt.Rout’ to ‘logitEffInt.Rout.save’ ... OK
Running ‘logitEla.R’ [0s/1s]
Comparing ‘logitEla.Rout’ to ‘logitEla.Rout.save’ ... OK
Running ‘logitElaInt.R’ [0s/0s]
Comparing ‘logitElaInt.Rout’ to ‘logitElaInt.Rout.save’ ... OK
Running ‘lpm.R’ [3s/3s]
Comparing ‘lpm.Rout’ to ‘lpm.Rout.save’ ... OK
Running ‘mlogit.R’ [5s/5s]
Comparing ‘mlogit.Rout’ to ‘mlogit.Rout.save’ ...14,15c14,19
< The tidyverse part of the package is now in the tidydfidx package
< so that the dfidx package now depends only on a small set of packages
---
>
> Attaching package: 'dfidx'
>
> The following object is masked from 'package:stats':
>
> filter
Running ‘mvprobit.R’ [12s/14s]
Comparing ‘mvprobit.Rout’ to ‘mvprobit.Rout.save’ ... OK
Running ‘oprobit.R’ [3s/3s]
Comparing ‘oprobit.Rout’ to ‘oprobit.Rout.save’ ... OK
Running ‘probit.R’ [4s/5s]
Comparing ‘probit.Rout’ to ‘probit.Rout.save’ ... OK
Flavor: r-devel-linux-x86_64-debian-clang
Version: 0.1-14
Check: tests
Result: NOTE
Running ‘logit.R’ [3s/3s]
Comparing ‘logit.Rout’ to ‘logit.Rout.save’ ... OK
Running ‘logitEffCat.R’ [0s/0s]
Comparing ‘logitEffCat.Rout’ to ‘logitEffCat.Rout.save’ ... OK
Running ‘logitEffInt.R’ [0s/0s]
Comparing ‘logitEffInt.Rout’ to ‘logitEffInt.Rout.save’ ... OK
Running ‘logitEla.R’ [0s/0s]
Comparing ‘logitEla.Rout’ to ‘logitEla.Rout.save’ ... OK
Running ‘logitElaInt.R’ [0s/0s]
Comparing ‘logitElaInt.Rout’ to ‘logitElaInt.Rout.save’ ... OK
Running ‘lpm.R’ [2s/2s]
Comparing ‘lpm.Rout’ to ‘lpm.Rout.save’ ... OK
Running ‘mlogit.R’ [3s/4s]
Comparing ‘mlogit.Rout’ to ‘mlogit.Rout.save’ ...14,15c14,19
< The tidyverse part of the package is now in the tidydfidx package
< so that the dfidx package now depends only on a small set of packages
---
>
> Attaching package: 'dfidx'
>
> The following object is masked from 'package:stats':
>
> filter
Running ‘mvprobit.R’ [7s/8s]
Comparing ‘mvprobit.Rout’ to ‘mvprobit.Rout.save’ ... OK
Running ‘oprobit.R’ [2s/3s]
Comparing ‘oprobit.Rout’ to ‘oprobit.Rout.save’ ... OK
Running ‘probit.R’ [3s/3s]
Comparing ‘probit.Rout’ to ‘probit.Rout.save’ ... OK
Flavor: r-devel-linux-x86_64-debian-gcc
Version: 0.1-14
Check: tests
Result: NOTE
Running 'logit.R' [3s]
Comparing 'logit.Rout' to 'logit.Rout.save' ... OK
Running 'logitEffCat.R' [0s]
Comparing 'logitEffCat.Rout' to 'logitEffCat.Rout.save' ... OK
Running 'logitEffInt.R' [0s]
Comparing 'logitEffInt.Rout' to 'logitEffInt.Rout.save' ... OK
Running 'logitEla.R' [0s]
Comparing 'logitEla.Rout' to 'logitEla.Rout.save' ... OK
Running 'logitElaInt.R' [0s]
Comparing 'logitElaInt.Rout' to 'logitElaInt.Rout.save' ... OK
Running 'lpm.R' [2s]
Comparing 'lpm.Rout' to 'lpm.Rout.save' ... OK
Running 'mlogit.R' [4s]
Comparing 'mlogit.Rout' to 'mlogit.Rout.save' ...14,15c14,19
< The tidyverse part of the package is now in the tidydfidx package
< so that the dfidx package now depends only on a small set of packages
---
>
> Attaching package: 'dfidx'
>
> The following object is masked from 'package:stats':
>
> filter
Running 'mvprobit.R' [21s]
Comparing 'mvprobit.Rout' to 'mvprobit.Rout.save' ... OK
Running 'oprobit.R' [3s]
Comparing 'oprobit.Rout' to 'oprobit.Rout.save' ... OK
Running 'probit.R' [3s]
Comparing 'probit.Rout' to 'probit.Rout.save' ... OK
Flavor: r-devel-windows-x86_64
Version: 0.1-14
Check: tests
Result: NOTE
Running ‘logit.R’ [3s/6s]
Comparing ‘logit.Rout’ to ‘logit.Rout.save’ ... OK
Running ‘logitEffCat.R’ [0s/0s]
Comparing ‘logitEffCat.Rout’ to ‘logitEffCat.Rout.save’ ... OK
Running ‘logitEffInt.R’ [0s/0s]
Comparing ‘logitEffInt.Rout’ to ‘logitEffInt.Rout.save’ ... OK
Running ‘logitEla.R’ [0s/0s]
Comparing ‘logitEla.Rout’ to ‘logitEla.Rout.save’ ... OK
Running ‘logitElaInt.R’ [0s/0s]
Comparing ‘logitElaInt.Rout’ to ‘logitElaInt.Rout.save’ ... OK
Running ‘lpm.R’ [3s/3s]
Comparing ‘lpm.Rout’ to ‘lpm.Rout.save’ ... OK
Running ‘mlogit.R’ [5s/6s]
Comparing ‘mlogit.Rout’ to ‘mlogit.Rout.save’ ...14,15c14,19
< The tidyverse part of the package is now in the tidydfidx package
< so that the dfidx package now depends only on a small set of packages
---
>
> Attaching package: 'dfidx'
>
> The following object is masked from 'package:stats':
>
> filter
Running ‘mvprobit.R’ [11s/13s]
Comparing ‘mvprobit.Rout’ to ‘mvprobit.Rout.save’ ... OK
Running ‘oprobit.R’ [3s/5s]
Comparing ‘oprobit.Rout’ to ‘oprobit.Rout.save’ ... OK
Running ‘probit.R’ [3s/4s]
Comparing ‘probit.Rout’ to ‘probit.Rout.save’ ... OK
Flavor: r-patched-linux-x86_64
Version: 0.1-14
Check: tests
Result: NOTE
Running ‘logit.R’ [4s/4s]
Comparing ‘logit.Rout’ to ‘logit.Rout.save’ ... OK
Running ‘logitEffCat.R’ [0s/0s]
Comparing ‘logitEffCat.Rout’ to ‘logitEffCat.Rout.save’ ... OK
Running ‘logitEffInt.R’ [0s/1s]
Comparing ‘logitEffInt.Rout’ to ‘logitEffInt.Rout.save’ ... OK
Running ‘logitEla.R’ [0s/0s]
Comparing ‘logitEla.Rout’ to ‘logitEla.Rout.save’ ... OK
Running ‘logitElaInt.R’ [0s/0s]
Comparing ‘logitElaInt.Rout’ to ‘logitElaInt.Rout.save’ ... OK
Running ‘lpm.R’ [3s/4s]
Comparing ‘lpm.Rout’ to ‘lpm.Rout.save’ ... OK
Running ‘mlogit.R’ [5s/5s]
Comparing ‘mlogit.Rout’ to ‘mlogit.Rout.save’ ...14,15c14,19
< The tidyverse part of the package is now in the tidydfidx package
< so that the dfidx package now depends only on a small set of packages
---
>
> Attaching package: 'dfidx'
>
> The following object is masked from 'package:stats':
>
> filter
Running ‘mvprobit.R’ [11s/14s]
Comparing ‘mvprobit.Rout’ to ‘mvprobit.Rout.save’ ... OK
Running ‘oprobit.R’ [3s/3s]
Comparing ‘oprobit.Rout’ to ‘oprobit.Rout.save’ ... OK
Running ‘probit.R’ [4s/4s]
Comparing ‘probit.Rout’ to ‘probit.Rout.save’ ... OK
Flavor: r-release-linux-x86_64
Version: 0.1-14
Check: tests
Result: NOTE
Running 'logit.R' [3s]
Comparing 'logit.Rout' to 'logit.Rout.save' ... OK
Running 'logitEffCat.R' [0s]
Comparing 'logitEffCat.Rout' to 'logitEffCat.Rout.save' ... OK
Running 'logitEffInt.R' [0s]
Comparing 'logitEffInt.Rout' to 'logitEffInt.Rout.save' ... OK
Running 'logitEla.R' [0s]
Comparing 'logitEla.Rout' to 'logitEla.Rout.save' ... OK
Running 'logitElaInt.R' [0s]
Comparing 'logitElaInt.Rout' to 'logitElaInt.Rout.save' ... OK
Running 'lpm.R' [2s]
Comparing 'lpm.Rout' to 'lpm.Rout.save' ... OK
Running 'mlogit.R' [4s]
Comparing 'mlogit.Rout' to 'mlogit.Rout.save' ...14,15c14,19
< The tidyverse part of the package is now in the tidydfidx package
< so that the dfidx package now depends only on a small set of packages
---
>
> Attaching package: 'dfidx'
>
> The following object is masked from 'package:stats':
>
> filter
Running 'mvprobit.R' [20s]
Comparing 'mvprobit.Rout' to 'mvprobit.Rout.save' ... OK
Running 'oprobit.R' [3s]
Comparing 'oprobit.Rout' to 'oprobit.Rout.save' ... OK
Running 'probit.R' [3s]
Comparing 'probit.Rout' to 'probit.Rout.save' ... OK
Flavor: r-release-windows-x86_64